*n(r). Is b(l) a prime number?
False
Let k(h) = 22*h - 4. Let a be k(10). Let b = a + -113. Is b a prime number?
True
Let x(i) = -257*i**3 - i**2 + i - 1. Let c be x(1). Let m = -109 - c. Is m prime?
True
Let u be (1 - (-1)/(-1)) + -4. Let i be u/((1 - 0) + -2). Let t(g) = 2*g**2 - 4*g + 3. Is t(i) a composite number?
False
Let k(d) = d**2 - 2*d**2 + 8*d**2 - 8 - 1 - 9*d. Let b = 217 + -222. Is k(b) prime?
True
Let y be (5/3 + 8/(-12))*-13. Let s = y - -216. Is s prime?
False
Let d be (-2)/3*(-3 + 9). Let t(h) = -11*h. Let q(x) = 10*x - 1. Let a(r) = d*q(r) - 3*t(r). Is a(-3) a prime number?
False
Suppose 13*h - 578310 = -17*h. Is h a composite number?
True
Let s(n) = -n + 28. Let d be s(19). Is (-12396 + 2)*d/(-18) a prime number?
True
Suppose 0 = 4*z + 6*m - 2*m - 56, -4*m + 71 = 5*z. Let q(f) = 39*f - 3. Let d be q(2). Is 1967/z + (-10)/d a composite number?
False
Let c(u) = u**3 + 35*u**2 - 3*u + 3. Suppose -2*n + 2*q = 38, 5*q + 9 = 24. Is c(n) a prime number?
False
Let s(k) = 435*k**2 - k - 1. Let c be s(-1). Suppose c = 4*p + 119. Suppose 4*j = -r + 402 - p, 4*r - j = 1326. Is r prime?
True
Let s = 43 + -40. Suppose -2*q + 1021 = s*t, -5*t + 1690 = 4*q - 3*q. Is t a prime number?
True
Let d = 14439 + -8566. Is d a prime number?
False
Suppose 12*t - 13*t = -5*q + 67537, 2*t + 4 = 0. Is q a composite number?
True
Suppose -26 = 4*f + 18. Let h = 14 + f. Suppose h*j = 5 + 97. Is j composite?
True
Suppose -309*y + 20905 = -304*y. Is y a composite number?
True
Suppose 7*o = 17*o + 720. Is (69/12*-29)/(18/o) prime?
False
Let n(w) = w**3 + 5*w**2 - 4*w + 8. Let b be n(-6). Is 1/b*887*-4 a prime number?
True
Suppose 5*a + 17 = 3*c, 0*a = 5*c + 3*a - 17. Suppose 0*j + c*j = -q + 10, -2*q + 10 = 3*j. Suppose -3*i - j*r = -88, 0 = -0*r + 2*r - 10. Is i prime?
False
Suppose 7 = 2*g - 3. Let w(r) = 428*r - 3. Let o be w(g). Let a = o - 924. Is a a prime number?
True
Let k(d) = -d**2 - 14*d - 4. Let n be k(-13). Suppose -n*w + 4813 = -7760. Is w a prime number?
False
Let y(d) = -1651*d + 1. Let p be y(-1). Suppose 926 = a - 4*j - 735, -a + j + p = 0. Suppose -q + 2*i = -327, 0*q + a = 5*q - 3*i. Is q prime?
True
Let m be -2 - (5 + -547 + 2). Is (3 + 0/3)*-1 + m prime?
False
Is 327/12*(175 - 27) composite?
True
Let r(w) = 26787*w**3 + 3*w - 3. Is r(1) composite?
True
Let u(n) = 50*n + 2. Let w be u(4). Suppose 0 = -f - 63 + w. Is f composite?
False
Let r(m) be the third derivative of m**6/60 - 7*m**5/60 + 5*m**4/24 - 7*m**3/6 + 6*m**2. Let a be r(5). Suppose 0 = 4*l - l - a. Is l prime?
True
Suppose -30*w + 14*w = -87376. Is w prime?
False
Let o be (3 - 6)*3/(-3). Let t(y) = y**2 + y**2 - o*y**2 + 1 - 5*y + 3*y**2. Is t(-4) a prime number?
True
Suppose -96875 + 325800 = 25*u. Is u prime?
True
Let x = 735 + -1351. Let m = 471 - x. Is m composite?
False
Suppose 30298 + 12306 = 4*v. Is v composite?
False
Let n = -10764 - -16403. Is n prime?
True
Suppose -2656 = 8*f - 14984. Is f prime?
False
Let t be -2 - -3 - 1 - -21. Let r = t + -16. Let s(h) = 3*h**2 + 2*h + 2. Is s(r) prime?
False
Suppose -32*z - 190251 = -41*z. Is z composite?
False
Let v(b) = -2*b**3 - 6*b**2 - 18*b - 13. Is v(-7) a composite number?
True
Is 3598 - (1 - (-4 - -8)) a composite number?
True
Let m be (-32)/14 + (-8)/(-28). Let l be (2/m)/(3/(-57)). Is (-1 - -3)/(2/l) a prime number?
True
Let g(q) = 4*q**2 - q. Let i be g(1). Suppose -i*r - 581 = -d, -4*d = d + 5*r - 2805. Is d a prime number?
False
Let n(g) be the third derivative of g**5/3 - g**4/24 - g**3/6 - 2*g**2. Is n(2) a composite number?
True
Suppose -9 = -5*m + 1. Suppose -4*z - 74 = -d - z, m*d - z - 163 = 0. Is d prime?
True
Suppose 2*o + 2*m = -o - 2, o = -m. Let n(z) = z**3 + 4*z**2 + 4*z + 2. Let q be n(o). Is (196/(-4 + q))/(-2) a composite number?
True
Suppose 5*g = -4*i + 9, 2*i + 27 = 3*g - i. Suppose 5*l = -a + 11, g*l - 29 = -a + 2*a. Let z(u) = -u**3 - 10*u**2 - 14*u - 7. Is z(a) a prime number?
False
Suppose 4*n = -278 - 3150. Let k = n + 1239. Is k composite?
True
Let s = 40 + -34. Suppose -r - 3740 = -s*r. Suppose w + 3*d = -w + 505, -r = -3*w + 5*d. Is w composite?
False
Suppose 73930 = 40*i - 30*i. Is i composite?
False
Suppose 7*n - 4*n + 5*y = 17206, 5*y + 11479 = 2*n. Is n composite?
False
Let y = 4 - -12. Let a = -14 + y. Suppose -3*o = -3*b + 663, 2*b = 5*b - a*o - 663. Is b a composite number?
True
Suppose -129*g + 126*g + 13475 = 2*p, -2*p + 13463 = -g. Is p a composite number?
False
Let g = 8 + -6. Suppose -3*s + 8*s + g*i = 19, 0 = 5*s + 4*i - 23. Suppose p = -s + 24. Is p prime?
False
Suppose 10*h + 1876 = 17*h. Suppose h = -z + 1829. Is z prime?
False
Let m(z) = 550*z**2 - 3*z + 3. Let c be m(1). Let p = -289 + c. Suppose 3*n - 3*q - 156 = 0, 2*n + 4*q + p = 7*n. Is n a prime number?
True
Let v(d) = d**3 + 6*d**2 + 9*d + 6. Let k be v(5). Suppose 3*w + 4*j = -2*w + 231, 2*j = 5*w - 237. Suppose -c + k = -w. Is c a prime number?
True
Let i = -20 - -34. Suppose v = -0*v + i. Is (-23)/161 - (-21828)/v a prime number?
True
Let v = 74 - 35. Let f = 43 - v. Suppose f*u + 469 = 5*s, u = -s + 47 + 54. Is s a composite number?
False
Let a(w) = w**2 + w - 7. Let r be a(-5). Let p = r + -9. Is ((-22)/p + 2)*-26 prime?
False
Let h(s) = -s**2 + 27*s - 18. Let g be h(15). Let c = g - 116. Is c a prime number?
False
Let l(h) = 16*h**2 - 56*h - 17. Let f(r) = -7*r**2 + 28*r + 9. Let q(t) = -9*f(t) - 4*l(t). Is q(-26) prime?
False
Suppose 0 = 24*s - 37349 - 1987. Is s a prime number?
False
Let i = 2928 - -1771. Is i a composite number?
True
Suppose -9*v = -5*v + 24. Let d be 1/((-2 + 1)/206). Is (-1)/3 + d/v a composite number?
True
Let g be (1/2)/((-6)/(-60)). Suppose 0 = g*h - 406 - 709. Is h a composite number?
False
Suppose 48 = -l - l - 2*j, 0 = 2*l + 3*j + 51. Let u be 7*(-3 - 1809/l). Suppose -u = -q - q. Is q prime?
False
Is ((-2)/(-2))/((3 + -12)/(-89649)) prime?
False
Let x(k) = k**2 + 4. Let i be x(3). Let z = i - 11. Suppose z*n - 3*r - 70 = 0, 6*r - r = 3*n - 105. Is n a prime number?
False
Let g = -13333 - -25656. Is g a composite number?
False
Let m(x) = x**3 - 2*x**2 - x + 3. Let d be m(2). Is (d - -2740)/((-6)/(-24)*4) a composite number?
False
Suppose -303452 = 41*y - 1050841. Is y composite?
False
Let w be (-1)/((-18)/8 + 2). Suppose 12*d = -d + 585. Suppose -l + w*l = d. Is l a prime number?
False
Suppose -4207 = -13*q + 90654. Is q a prime number?
True
Let m(t) = 823*t + 11. Is m(2) a composite number?
False
Let o = 14 + -38. Let b = o + 133. Is b a composite number?
False
Suppose -190 = 4*p - 198. Suppose 5*l + 164 = p*n, -2 = 5*l + 8. Is n a prime number?
False
Let w(y) = y**3 - 6*y**2 - 5*y - 10. Let x be w(7). Suppose -3*n = -x*n. Suppose n = 3*c - 592 - 419. Is c a composite number?
False
Let v = 3988 - 1023. Is v a prime number?
False
Let c(t) be the first derivative of 7*t**3/6 - t + 8. Let l(b) be the first derivative of c(b). Is l(5) a composite number?
True
Suppose 2*n - n - 172 = -3*s, 3*s - 697 = -4*n. Suppose 2*m - n = -2*t + t, -5*m + 870 = 5*t. Suppose -t - 50 = -a. Is a composite?
False
Let n = 1736 + -255. Is n composite?
False
Suppose 3*p = 2*j - 25546, 0*j - 5*p - 63865 = -5*j. Is j a composite number?
True
Let f = -10651 - -47892. Is f a composite number?
True
Suppose 5 = 5*q, 5*n + q + 139 - 8010 = 0. Is n composite?
True
Let h = 10 + -4. Suppose 9*i - h*i - 6 = 0. Suppose -r + 4*t + 2 = 0, -7*r + 5*t + 85 = -i*r. Is r a composite number?
True
Let h(c) = -87*c - 12. Let y be h(-6). Let v = y + -274. Is ((-2)/(-4))/(2/v) a prime number?
True
Let s be 8/10 + 23352/60. Let f = -245 + s. Is f a composite number?
True
Let g(a) be the first derivative of a**2/2 + 9*a - 7. Let j be g(-7). Let i = 101 + j. Is i a composite number?
False
Let j be (18/(-3))/(9/(-30)). Suppose 0 = -4*f - 0 - j, -149 = -3*k - 2*f. Is k prime?
True
Suppose -358 = 4*i - 4*f - 7726, -5*f - 3669 = -2*i. Is i a composite number?
False
Suppose 275 + 414 = 13*z. Let p = 8 - -18. Let b = z + p. Is b composite?
False
Suppose -b - 11130 + 143 = -d, -5*d + 54885 = 5*b. Suppose -3*a - 4*k + 5*k = -d, 7313 = 2*a + k. Is a a prime number?
True
Let r(f) = 1212*f - 3. Let x be r(7). Suppose x = -54*q + 57*q. Is q prime?
False
Suppose 21*u = 18*u + 13599. Is u a prime number?
False
Let s(u) = -5*u + 2*u + 2*u. Let